{"id":7,"date":"2012-09-21T20:18:46","date_gmt":"2012-09-21T18:18:46","guid":{"rendered":"http:\/\/sono.crans.org\/?page_id=7"},"modified":"2021-02-18T12:39:47","modified_gmt":"2021-02-18T10:39:47","slug":"benin","status":"publish","type":"page","link":"https:\/\/sono.crans.org\/?page_id=7","title":{"rendered":"B\u00e9nin"},"content":{"rendered":"<p style=\"text-align: justify;\">La mission SoNo-B\u00e9nin est un projet de soutien scolaire dans une \u00e9cole primaire \u00e0 Tangui\u00e9ta, dans le Nord du pays. Ce projet, existant depuis 2009, est r\u00e9alis\u00e9 en partenariat avec l\u2019ASDP (Association de Soutien et D\u00e9veloppement de la Pendjari) qui s\u2019occupe de toute la pr\u00e9paration et de la logistique (et bien plus encore\u00a0!) une fois sur place.\u00a0Les cours sont r\u00e9alis\u00e9s par les membres de la mission aid\u00e9s par des \u00e9tudiants B\u00e9ninois membres de l\u2019ASDP. En\u00a0parall\u00e8le\u00a0de cela, nous envisageons aussi d&rsquo;installer sur place une salle informatique.<\/p>\n<p><iframe loading=\"lazy\" src=\"http:\/\/maps.google.fr\/maps?oe=utf-8&amp;client=firefox-a&amp;channel=fflb&amp;q=google+maps+tanguieta+b%C3%A9nin&amp;ie=UTF8&amp;hq=&amp;hnear=Tangui%C3%A9ta,+Atakora,+B%C3%A9nin&amp;gl=fr&amp;t=h&amp;z=5&amp;ll=10.616667,1.266667&amp;output=embed\" frameborder=\"0\" marginwidth=\"0\" marginheight=\"0\" scrolling=\"no\" width=\"425\" height=\"350\"><\/iframe><br \/>\n<small><a style=\"color: #0000ff; text-align: left;\" href=\"http:\/\/maps.google.fr\/maps?oe=utf-8&amp;client=firefox-a&amp;channel=fflb&amp;q=google+maps+tanguieta+b%C3%A9nin&amp;ie=UTF8&amp;hq=&amp;hnear=Tangui%C3%A9ta,+Atakora,+B%C3%A9nin&amp;gl=fr&amp;t=h&amp;z=13&amp;ll=10.616667,1.266667&amp;source=embed\">Agrandir le plan<\/a><\/small><\/p>\n<p style=\"text-align: justify;\">Concr\u00e8tement, les volontaires de SoNo assurent pendant deux semaines (ou plus) des cours de vacances pour des \u00e9l\u00e8ves de niveau primaire. Par deux ou trois, accompagn\u00e9s d&rsquo;un \u00e9tudiant b\u00e9ninois b\u00e9n\u00e9vole, ils sont en charge d&rsquo;une classe d&rsquo;une trentaine d&rsquo;\u00e9l\u00e8ves. Le matin, des cours \u00ab\u00a0classique\u00a0\u00bb sont dispens\u00e9s (fran\u00e7ais, maths, etc.) tandis ce que l&rsquo;apr\u00e8s-midi est r\u00e9serv\u00e9e \u00e0 des activit\u00e9s plus ludiques. Les week-ends sont libres, ce qui permet de se reposer ainsi que de d\u00e9couvrir les environs.<\/p>\n<p style=\"text-align: justify;\">Nous avons publi\u00e9 un petit condens\u00e9 d&rsquo;informations \u00e0 propos de la mission 2012 dans le journal du campus, vous en trouverez une copie <a title=\"ArticleLaSauceB\u00e9nin\" href=\"http:\/\/sono.crans.org\/wp-content\/uploads\/2012\/12\/SoNo_Sauce134.pdf\">ici<\/a>.<\/p>\n<p style=\"text-align: justify;\">Vous trouverez aussi ici le \u00ab\u00a0<a href=\"http:\/\/sono.crans.org\/wp-content\/uploads\/2012\/09\/GuideRoutardBenin.pdf\">Guide du Routard B\u00e9ninois<\/a>\u00a0\u00bb : un concentr\u00e9 d&rsquo;informations sur ce qu&rsquo;il faut savoir avant de partir au B\u00e9nin avec SoNo, r\u00e9dig\u00e9 d&rsquo;apr\u00e8s l&rsquo;exp\u00e9rience des missions 2012 et 2014. Bonne lecture !<\/p>\n<p style=\"text-align: justify;\">La vid\u00e9o \u00ab\u00a0<a href=\"http:\/\/sono.crans.org\/?p=428 \">Impressions B\u00e9ninoises<\/a>\u00a0\u00bb vous montrera \u00e9galement comment se d\u00e9roule ce beau projet (2014) !<\/p>\n<p><span style=\"font-weight: 300; text-align: justify;\">Enfin, un compte-rendu plus d\u00e9taill\u00e9 de la mission 2012, r\u00e9dig\u00e9 d&rsquo;apr\u00e8s des notes personnelles, est disponible ici : <\/span><a style=\"font-weight: 300; text-align: justify;\" href=\"http:\/\/sono.crans.org\/wp-content\/uploads\/2012\/09\/CarnetsVoyageBenin2012_low.pdf\">CarnetsVoyageBenin2012<\/a><\/p>\n<p style=\"text-align: justify;\">Vous pouvez nous contacter via la mailing-list du projet : sono-benin[at]lists.crans.org<\/p>\n","protected":false},"excerpt":{"rendered":"<p>La mission SoNo-B\u00e9nin est un projet de soutien scolaire dans une \u00e9cole primaire \u00e0 Tangui\u00e9ta, dans le Nord du pays. Ce projet, existant depuis 2009, est r\u00e9alis\u00e9 en partenariat avec l\u2019ASDP (Association de Soutien et D\u00e9veloppement de la Pendjari) qui &hellip; <a href=\"https:\/\/sono.crans.org\/?page_id=7\">Lire la suite <span class=\"meta-nav\">&rarr;<\/span><\/a><\/p>\n","protected":false},"author":22,"featured_media":0,"parent":580,"menu_order":1,"comment_status":"closed","ping_status":"closed","template":"","meta":[],"_links":{"self":[{"href":"https:\/\/sono.crans.org\/index.php?rest_route=\/wp\/v2\/pages\/7"}],"collection":[{"href":"https:\/\/sono.crans.org\/index.php?rest_route=\/wp\/v2\/pages"}],"about":[{"href":"https:\/\/sono.crans.org\/index.php?rest_route=\/wp\/v2\/types\/page"}],"author":[{"embeddable":true,"href":"https:\/\/sono.crans.org\/index.php?rest_route=\/wp\/v2\/users\/22"}],"replies":[{"embeddable":true,"href":"https:\/\/sono.crans.org\/index.php?rest_route=%2Fwp%2Fv2%2Fcomments&post=7"}],"version-history":[{"count":22,"href":"https:\/\/sono.crans.org\/index.php?rest_route=\/wp\/v2\/pages\/7\/revisions"}],"predecessor-version":[{"id":59,"href":"https:\/\/sono.crans.org\/index.php?rest_route=\/wp\/v2\/pages\/7\/revisions\/59"}],"up":[{"embeddable":true,"href":"https:\/\/sono.crans.org\/index.php?rest_route=\/wp\/v2\/pages\/580"}],"wp:attachment":[{"href":"https:\/\/sono.crans.org\/index.php?rest_route=%2Fwp%2Fv2%2Fmedia&parent=7"}],"curies":[{"name":"wp","href":"https:\/\/api.w.org\/{rel}","templated":true}]}}