{"id":656,"date":"2020-03-08T18:58:20","date_gmt":"2020-03-08T16:58:20","guid":{"rendered":"http:\/\/sono.crans.org\/?page_id=656"},"modified":"2021-02-18T12:37:41","modified_gmt":"2021-02-18T10:37:41","slug":"the-rise","status":"publish","type":"page","link":"https:\/\/sono.crans.org\/?page_id=656","title":{"rendered":"The Rise"},"content":{"rendered":"<p style=\"text-align: justify;\">The Rise est le plus grand challenge solidarit\u00e9 inter campus en France. Organis\u00e9 par l\u2019entreprise sociale <a title=\"Babyloan\" href=\"https:\/\/www.babyloan.org\/fr\">Babyloan<\/a> et \u00e0 destination des associations \u00e9tudiantes telle la Solidarit\u00e9 Normalienne, The Rise permet aux \u00e9tudiants de soutenir financi\u00e8rement des projets de micro-entrepreneurs en difficult\u00e9 dans le monde entier.<\/p>\n<p style=\"text-align: justify;\"><a href=\"http:\/\/sono.crans.org\/wp-content\/uploads\/2020\/03\/The-Rise-cest-maintenant.png\"><img decoding=\"async\" loading=\"lazy\" class=\"aligncenter size-full wp-image-817\" title=\"The Rise c'est maintenant\" src=\"http:\/\/sono.crans.org\/wp-content\/uploads\/2020\/03\/The-Rise-cest-maintenant.png\" alt=\"\" width=\"940\" height=\"788\" srcset=\"https:\/\/sono.crans.org\/wp-content\/uploads\/2020\/03\/The-Rise-cest-maintenant.png 940w, https:\/\/sono.crans.org\/wp-content\/uploads\/2020\/03\/The-Rise-cest-maintenant-300x251.png 300w, https:\/\/sono.crans.org\/wp-content\/uploads\/2020\/03\/The-Rise-cest-maintenant-357x300.png 357w\" sizes=\"(max-width: 940px) 100vw, 940px\" \/><\/a><\/p>\n<p style=\"text-align: justify;\">Il s\u2019agit concr\u00e8tement de 2 jours de collecte de pr\u00eats solidaires afin de r\u00e9colter un montant maximal pour chaque association. Ces pr\u00eats en ligne sont transf\u00e9r\u00e9s aux micro-entrepreneurs au niveau local qui s\u2019engagent \u00e0 rembourser le montant total via la plateforme Babyloan. Les pr\u00eateurs peuvent ensuite pr\u00eater \u00e0 nouveau cet argent ou bien le r\u00e9cup\u00e9rer. Solidarit\u00e9 Normalienne a d\u00e9j\u00e0 particip\u00e9 \u00e0 ce challenge solidaire et vous invite \u00e0 y prendre part cette ann\u00e9e !<\/p>\n<p style=\"text-align: justify;\">Retrouvez <a href=\"http:\/\/sono.crans.org\/?p=734\">ici<\/a> l&rsquo;article sur le challenge The Rise 2020 men\u00e9 par la Solidarit\u00e9 Normalienne !<\/p>\n<p style=\"text-align: justify;\">Pour plus d&rsquo;informations sur le challenge :<a href=\"https:\/\/www.therise.fr\/\"> voir le site de The Rise<\/a><\/p>\n<p style=\"text-align: justify;\"><em>Respo The Rise : Marc Vacher<\/em><\/p>\n","protected":false},"excerpt":{"rendered":"<p>The Rise est le plus grand challenge solidarit\u00e9 inter campus en France. Organis\u00e9 par l\u2019entreprise sociale Babyloan et \u00e0 destination des associations \u00e9tudiantes telle la Solidarit\u00e9 Normalienne, The Rise permet aux \u00e9tudiants de soutenir financi\u00e8rement des projets de micro-entrepreneurs en &hellip; <a href=\"https:\/\/sono.crans.org\/?page_id=656\">Lire la suite <span class=\"meta-nav\">&rarr;<\/span><\/a><\/p>\n","protected":false},"author":22,"featured_media":0,"parent":21,"menu_order":3,"comment_status":"closed","ping_status":"open","template":"","meta":[],"_links":{"self":[{"href":"https:\/\/sono.crans.org\/index.php?rest_route=\/wp\/v2\/pages\/656"}],"collection":[{"href":"https:\/\/sono.crans.org\/index.php?rest_route=\/wp\/v2\/pages"}],"about":[{"href":"https:\/\/sono.crans.org\/index.php?rest_route=\/wp\/v2\/types\/page"}],"author":[{"embeddable":true,"href":"https:\/\/sono.crans.org\/index.php?rest_route=\/wp\/v2\/users\/22"}],"replies":[{"embeddable":true,"href":"https:\/\/sono.crans.org\/index.php?rest_route=%2Fwp%2Fv2%2Fcomments&post=656"}],"version-history":[{"count":9,"href":"https:\/\/sono.crans.org\/index.php?rest_route=\/wp\/v2\/pages\/656\/revisions"}],"predecessor-version":[{"id":670,"href":"https:\/\/sono.crans.org\/index.php?rest_route=\/wp\/v2\/pages\/656\/revisions\/670"}],"up":[{"embeddable":true,"href":"https:\/\/sono.crans.org\/index.php?rest_route=\/wp\/v2\/pages\/21"}],"wp:attachment":[{"href":"https:\/\/sono.crans.org\/index.php?rest_route=%2Fwp%2Fv2%2Fmedia&parent=656"}],"curies":[{"name":"wp","href":"https:\/\/api.w.org\/{rel}","templated":true}]}}