{"id":641,"date":"2020-03-08T17:16:36","date_gmt":"2020-03-08T15:16:36","guid":{"rendered":"http:\/\/sono.crans.org\/?page_id=641"},"modified":"2021-02-18T12:35:47","modified_gmt":"2021-02-18T10:35:47","slug":"don-du-sang","status":"publish","type":"page","link":"https:\/\/sono.crans.org\/?page_id=641","title":{"rendered":"Don du sang"},"content":{"rendered":"<p style=\"text-align: justify;\">Si donner son sang est un engagement simple en th\u00e9orie, il n&rsquo;est pas toujours \u00e9vident de savoir o\u00f9 le faire.<\/p>\n<p style=\"text-align: justify;\">La SoNo r\u00e9sout ce probl\u00e8me en organisant une collecte sur le campus avec l&rsquo;EFS (\u00c9tablissement Fran\u00e7ais du Sang) ! Il n&rsquo;y a plus de raisons d&rsquo;h\u00e9siter !<\/p>\n<p style=\"text-align: justify;\"><a href=\"http:\/\/sono.crans.org\/wp-content\/uploads\/2020\/03\/Don-du-sang.jpg\"><img decoding=\"async\" loading=\"lazy\" class=\"aligncenter size-full wp-image-811\" title=\"Don du sang\" src=\"http:\/\/sono.crans.org\/wp-content\/uploads\/2020\/03\/Don-du-sang.jpg\" alt=\"\" width=\"1081\" height=\"640\" srcset=\"https:\/\/sono.crans.org\/wp-content\/uploads\/2020\/03\/Don-du-sang.jpg 1081w, https:\/\/sono.crans.org\/wp-content\/uploads\/2020\/03\/Don-du-sang-300x177.jpg 300w, https:\/\/sono.crans.org\/wp-content\/uploads\/2020\/03\/Don-du-sang-1024x606.jpg 1024w, https:\/\/sono.crans.org\/wp-content\/uploads\/2020\/03\/Don-du-sang-500x296.jpg 500w\" sizes=\"(max-width: 1081px) 100vw, 1081px\" \/><\/a><\/p>\n<p style=\"text-align: justify;\"><em>Respos don du sang : Chlo\u00eb Mian et Sylvain Rey<\/em><\/p>\n<p>&nbsp;<\/p>\n","protected":false},"excerpt":{"rendered":"<p>Si donner son sang est un engagement simple en th\u00e9orie, il n&rsquo;est pas toujours \u00e9vident de savoir o\u00f9 le faire. La SoNo r\u00e9sout ce probl\u00e8me en organisant une collecte sur le campus avec l&rsquo;EFS (\u00c9tablissement Fran\u00e7ais du Sang) ! Il &hellip; <a href=\"https:\/\/sono.crans.org\/?page_id=641\">Lire la suite <span class=\"meta-nav\">&rarr;<\/span><\/a><\/p>\n","protected":false},"author":22,"featured_media":0,"parent":21,"menu_order":2,"comment_status":"closed","ping_status":"open","template":"","meta":[],"_links":{"self":[{"href":"https:\/\/sono.crans.org\/index.php?rest_route=\/wp\/v2\/pages\/641"}],"collection":[{"href":"https:\/\/sono.crans.org\/index.php?rest_route=\/wp\/v2\/pages"}],"about":[{"href":"https:\/\/sono.crans.org\/index.php?rest_route=\/wp\/v2\/types\/page"}],"author":[{"embeddable":true,"href":"https:\/\/sono.crans.org\/index.php?rest_route=\/wp\/v2\/users\/22"}],"replies":[{"embeddable":true,"href":"https:\/\/sono.crans.org\/index.php?rest_route=%2Fwp%2Fv2%2Fcomments&post=641"}],"version-history":[{"count":5,"href":"https:\/\/sono.crans.org\/index.php?rest_route=\/wp\/v2\/pages\/641\/revisions"}],"predecessor-version":[{"id":790,"href":"https:\/\/sono.crans.org\/index.php?rest_route=\/wp\/v2\/pages\/641\/revisions\/790"}],"up":[{"embeddable":true,"href":"https:\/\/sono.crans.org\/index.php?rest_route=\/wp\/v2\/pages\/21"}],"wp:attachment":[{"href":"https:\/\/sono.crans.org\/index.php?rest_route=%2Fwp%2Fv2%2Fmedia&parent=641"}],"curies":[{"name":"wp","href":"https:\/\/api.w.org\/{rel}","templated":true}]}}