{"id":600,"date":"2020-03-07T14:40:50","date_gmt":"2020-03-07T12:40:50","guid":{"rendered":"http:\/\/sono.crans.org\/?page_id=600"},"modified":"2021-02-18T12:37:57","modified_gmt":"2021-02-18T10:37:57","slug":"sakado","status":"publish","type":"page","link":"https:\/\/sono.crans.org\/?page_id=600","title":{"rendered":"Sakado"},"content":{"rendered":"<p style=\"text-align: justify;\">En 2017, la SoNo lance un nouveau projet : le projet Sakado ! Invent\u00e9 par une asso de Montpellier (<a href=\"http:\/\/sakado.org\/\" rel=\"noreferrer\" target=\"_blank\">http:\/\/sakado.org\/<\/a>) et la SoNo l&rsquo;a implant\u00e9 \u00e0 Cachan pour la premi\u00e8re fois ! Le but est de constituer des sac \u00e0 dos (en acheter ou en r\u00e9cup\u00e9rer) de 35-40L et de les remplir d&rsquo;objets (hygi\u00e8ne, v\u00eatements, culturels&#8230;). Il s&rsquo;agit ensuite de les donner \u00e0 des sans abris en d\u00e9cembre et en janvier pendant des maraudes que La Croix Rouge de Cachan organise pour nous !<\/p>\n<p style=\"text-align: justify;\">Chaque ann\u00e9e, chaque d\u00e9partement de l&rsquo;ENS mais \u00e9galement certaines \u00e9coles municipales voisines contribuent en collectant des objets que nous allons ensuite donner en y glissant des petites attentions pour les f\u00eates de fin d&rsquo;ann\u00e9e.<\/p>\n<p style=\"text-align: justify;\">Ce projet est soutenu par la <a href=\"https:\/\/www.casden.fr\/\">CASDEN<\/a>, nous les remercions!<\/p>\n<p style=\"text-align: justify;\"><a href=\"http:\/\/sono.crans.org\/wp-content\/uploads\/2020\/03\/Affiche-Sakado-les-4-kits1.jpg\"><img decoding=\"async\" loading=\"lazy\" class=\"aligncenter size-full wp-image-815\" title=\"Affiche Sakado les 4 kits\" src=\"http:\/\/sono.crans.org\/wp-content\/uploads\/2020\/03\/Affiche-Sakado-les-4-kits1.jpg\" alt=\"\" width=\"3543\" height=\"4961\" srcset=\"https:\/\/sono.crans.org\/wp-content\/uploads\/2020\/03\/Affiche-Sakado-les-4-kits1.jpg 3543w, https:\/\/sono.crans.org\/wp-content\/uploads\/2020\/03\/Affiche-Sakado-les-4-kits1-214x300.jpg 214w, https:\/\/sono.crans.org\/wp-content\/uploads\/2020\/03\/Affiche-Sakado-les-4-kits1-731x1024.jpg 731w\" sizes=\"(max-width: 3543px) 100vw, 3543px\" \/><\/a><\/p>\n<p style=\"text-align: justify;\">Si vous voulez participer, au sein de votre asso, de votre \u00e9cole ou avec des amis, et ce m\u00eame si vous n&rsquo;\u00eates pas de l&rsquo;ENS, n&rsquo;h\u00e9sitez pas \u00e0 nous <a title=\"Contact\" href=\"http:\/\/sono.crans.org\/?page_id=100\">contacter<\/a> !<\/p>\n<p style=\"text-align: justify;\">Retrouvez\u00a0<a href=\"http:\/\/sono.crans.org\/?p=804\">ici<\/a>\u00a0l&rsquo;article sur l&rsquo;op\u00e9ration Sakado men\u00e9e par la Solidarit\u00e9 Normalienne en 2020-2021 !<\/p>\n<p><em>Respos Sakado :\u00a0S\u00e9gol\u00e8ne Boulai, Tanguy Lions et Marc Vacher<\/em><\/p>\n<p>&nbsp;<\/p>\n","protected":false},"excerpt":{"rendered":"<p>En 2017, la SoNo lance un nouveau projet : le projet Sakado ! Invent\u00e9 par une asso de Montpellier (http:\/\/sakado.org\/) et la SoNo l&rsquo;a implant\u00e9 \u00e0 Cachan pour la premi\u00e8re fois ! Le but est de constituer des sac \u00e0 &hellip; <a href=\"https:\/\/sono.crans.org\/?page_id=600\">Lire la suite <span class=\"meta-nav\">&rarr;<\/span><\/a><\/p>\n","protected":false},"author":22,"featured_media":0,"parent":21,"menu_order":4,"comment_status":"closed","ping_status":"closed","template":"","meta":[],"_links":{"self":[{"href":"https:\/\/sono.crans.org\/index.php?rest_route=\/wp\/v2\/pages\/600"}],"collection":[{"href":"https:\/\/sono.crans.org\/index.php?rest_route=\/wp\/v2\/pages"}],"about":[{"href":"https:\/\/sono.crans.org\/index.php?rest_route=\/wp\/v2\/types\/page"}],"author":[{"embeddable":true,"href":"https:\/\/sono.crans.org\/index.php?rest_route=\/wp\/v2\/users\/22"}],"replies":[{"embeddable":true,"href":"https:\/\/sono.crans.org\/index.php?rest_route=%2Fwp%2Fv2%2Fcomments&post=600"}],"version-history":[{"count":18,"href":"https:\/\/sono.crans.org\/index.php?rest_route=\/wp\/v2\/pages\/600\/revisions"}],"predecessor-version":[{"id":841,"href":"https:\/\/sono.crans.org\/index.php?rest_route=\/wp\/v2\/pages\/600\/revisions\/841"}],"up":[{"embeddable":true,"href":"https:\/\/sono.crans.org\/index.php?rest_route=\/wp\/v2\/pages\/21"}],"wp:attachment":[{"href":"https:\/\/sono.crans.org\/index.php?rest_route=%2Fwp%2Fv2%2Fmedia&parent=600"}],"curies":[{"name":"wp","href":"https:\/\/api.w.org\/{rel}","templated":true}]}}